hat is -101100010001 + 101100?
-101011100101
In base 5, what is 101434333 - -10?
101434343
In base 3, what is 1120122001 - -12120?
1120211121
In base 13, what is -1b + -17416?
-17434
In base 9, what is -118753 - -5?
-118747
In base 2, what is 0 - 10101011011011?
-10101011011011
In base 12, what is 4 + -38369?
-38365
In base 4, what is -103 + -222202?
-222311
In base 9, what is -5 - -20724?
20718
In base 11, what is 2a - 126?
-a7
In base 9, what is 3775 - 4?
3771
In base 10, what is -127000 - 1?
-127001
In base 14, what is -7c19 + -2?
-7c1b
In base 2, what is -10000010100100 + -10?
-10000010100110
In base 9, what is 11 + -133232?
-133221
In base 14, what is 5 - -3562?
3567
In base 4, what is 310113 - 10?
310103
In base 6, what is 434534 - -5?
434543
In base 13, what is 1304 + 43?
1347
In base 4, what is 11030023 - 11?
11030012
In base 10, what is 130400 - 2?
130398
In base 11, what is -38 + 8256?
8219
In base 7, what is -31 - 551605?
-551636
In base 12, what is -a + 10106?
100b8
In base 15, what is -9 + -6024?
-602d
In base 2, what is -1 + 1011011011100111110?
1011011011100111101
In base 6, what is 24321212 + -1?
24321211
In base 7, what is -1 - 524220?
-524221
In base 7, what is -2 + 3644526?
3644524
In base 3, what is -1010 + -220101021?
-220102101
In base 13, what is -12b607 + 3?
-12b604
In base 10, what is 2 + -23427?
-23425
In base 16, what is -5 + -8d38d?
-8d392
In base 15, what is 5 + 1ed39?
1ed3e
In base 3, what is 1102110101 - -200?
1102111001
In base 11, what is -1 - -20437?
20436
In base 9, what is -1 - -46874?
46873
In base 3, what is 21100110 - 111?
21022222
In base 6, what is -14515104 + -5?
-14515113
In base 15, what is 4a1 - cb?
3c5
In base 13, what is -95 - -c07a?
bcb5
In base 7, what is -1 + -43113?
-43114
In base 10, what is 3 - 35707?
-35704
In base 13, what is a49c5 + 1?
a49c6
In base 10, what is -1868 + 22?
-1846
In base 16, what is -35a85 - -5?
-35a80
In base 15, what is 21 - 4a8?
-487
In base 7, what is 22133 + 15?
22151
In base 15, what is 2 + 2d8?
2da
In base 13, what is -17767 - -4?
-17763
In base 13, what is -16687 + 131?
-16556
In base 6, what is -1 + -3054301?
-3054302
In base 11, what is -242917a + -3?
-2429182
In base 10, what is -10 + -115706?
-115716
In base 12, what is -1575298 - 3?
-157529b
In base 4, what is 13030 - 1131?
11233
In base 6, what is -41 + -212?
-253
In base 12, what is -8884 + -66?
-892a
In base 14, what is b41 - 5?
b3a
In base 4, what is -10 + -131300?
-131310
In base 2, what is 10110110001101 - 1?
10110110001100
In base 6, what is -1011 - 3242?
-4253
In base 7, what is -254445 - -35?
-254410
In base 10, what is -35239 + -3?
-35242
In base 9, what is -5 - -66745?
66740
In base 14, what is 43a1 + 9?
43aa
In base 14, what is -54d - -57?
-4d6
In base 7, what is -3102 + -41?
-3143
In base 5, what is 40110 - -10?
40120
In base 11, what is -565a + 10?
-564a
In base 15, what is 405ee + -1?
405ed
In base 8, what is 2770225 - 4?
2770221
In base 4, what is 10 + -22210020?
-22210010
In base 15, what is ce - -50?
12e
In base 11, what is -2 + 22431?
2242a
In base 10, what is 18 + -3202?
-3184
In base 11, what is -669989 - 1?
-66998a
In base 15, what is 5 - -2247?
224c
In base 3, what is 12 + -201012100?
-201012011
In base 10, what is 381 + -1482?
-1101
In base 14, what is 2 - -34db6?
34db8
In base 11, what is -819 - -163?
-666
In base 6, what is 2014 + -500?
1114
In base 15, what is 17 + 487b?
4893
In base 6, what is -1 - 513053?
-513054
In base 6, what is 23250 + 12?
23302
In base 7, what is 4002 + -212?
3460
In base 4, what is 113021323 + 0?
113021323
In base 12, what is 15 + -b1a2?
-b189
In base 14, what is -d2955 - -3?
-d2952
In base 13, what is -2a32 - -c?
-2a23
In base 2, what is -1001110110111010100 - 0?
-1001110110111010100
In base 16, what is -4 + -20797?
-2079b
In base 6, what is 235 + 1111?
1350
In base 10, what is 238 + -764?
-526
In base 15, what is 12d33 - 1b?
12d17
In base 6, what is 0 - -541404?
541404
In base 12, what is -9a16 + -4?
-9a1a
In base 11, what is -3 - -34a72?
34a6a
In base 14, what is 10b - -d?
11a
In base 12, what is 1 + 38455?
38456
In base 13, what is 0 - 1435b1?
-1435b1
In base 5, what is 2403013 + -2?
2403011
In base 9, what is 0 + 632042?
632042
In base 10, what is 338 - 9233?
-8895
In base 16, what is b - 60a4?
-6099
In base 13, what is -6 + -19680?
-19686
In base 9, what is -32511 + 14?
-32486
In base 6, what is -22443355 - -2?
-22443353
In base 16, what is -1be - 2e7?
-4a5
In base 9, what is -3061 - -10?
-3051
In base 6, what is -230001 - -11?
-225550
In base 10, what is -53263 + -11?
-53274
In base 16, what is -7 + d076?
d06f
In base 13, what is 4 - -18b760?
18b764
In base 9, what is -33311 + 8?
-33302
In base 8, what is 1142 - -320?
1462
In base 5, what is 204 - 2133101?
-2132342
In base 15, what is 365a7 - -3?
365aa
In base 2, what is -1001001 - 1101110000?
-1110111001
In base 7, what is 5435 - -13?
5451
In base 8, what is -1144 + -770?
-2134
In base 12, what is -194939 + 2?
-194937
In base 13, what is -3 + -21940?
-21943
In base 11, what is 167548 - -5?
167552
In base 9, what is -8100 - -363?
-7626
In base 9, what is 1021688 - 3?
1021685
In base 2, what is -1011010111101000 + 0?
-1011010111101000
In base 14, what is -5496 + -b?
-54a3
In base 13, what is -4 - c5b9?
-c5c0
In base 7, what is 5 + -1034512?
-1034504
In base 9, what is -3 - -28670?
28666
In base 13, what is -19990 + -5?
-19995
In base 10, what is -2 + -149347?
-149349
In base 7, what is 1013 + 5641?
6654
In base 6, what is 4144 - -204?
4352
In base 3, what is 201020001 - -11120?
201101121
In base 5, what is 42444022 - -3?
42444030
In base 15, what is 3 + -29696a?
-296967
In base 14, what is 80 - -266?
306
In base 4, what is 112 - -210101?
210213
In base 5, what is 0 + 11410?
11410
In base 10, what is 196434 + -1?
196433
In base 4, what is -21 + 102320121?
102320100
In base 8, what is 3 + 22553?
22556
In base 4, what is -210313120 + -11?
-210313131
In base 2, what is 1001011101000 - -10111000?
1001110100000
In base 15, what is 76 - 9d?
-27
In base 6, what is 2421324 + 5?
2421333
In base 12, what is -243 - 180b?
-1a52
In base 16, what is e + 984?
992
In base 15, what is 39 + 2a6?
2e0
In base 6, what is -21 + 40115?
40054
In base 8, what is 121 - -20577?
20720
In base 16, what is 113874 - -5?
113879
In base 6, what is -105 + -450?
-555
In base 5, what is 2110144 - 44?
2110100
In base 2, what is -111011011010100 + -11?
-111011011010111
In base 5, what is 4 - 342200220?
-342200211
In base 2, what is -1010111000010 - -10011?
-1010110101111
In base 8, what is 2677017 + -4?
2677013
In base 15, what is -ad + -291?
-34e
In base 11, what is -19689 - -12?
-19677
In base 11, what is -1 - -a563?
a562
In base 15, what is -62b8 + 3?
-62b5
In base 4, what is 30333322 - -12?
31000000
In base 9, what is -4 + 1564?
1560
In base 8, what is -6371 + 4?
-6365
In base 14, what is -4 + 17194?
17190
In base 2, what is 1011011 - -1100?
1100111
In base 11, what is a58a - a?
a580
In base 5, what is 42 + -2340?
-2243
In base 2, what is -10100110000 - -110000111?
-1110101001
In base 11, what is 0 + -14781?
-14781
In base 3, what is -2 - -1002121222102?
1002121222100
In base 15, what is -28c005 - -5?
-28c000
In base 16, what is 72 - b49?
-ad7
In base 3, what is 220012100221 + 12?
220012101010
In base 14, what is 1b4 + -aa3?
-8cd
In base 7, what is 2306 - -262?
2601
In base 14, what is 15c2c - -3?
15c31
In base 7, what is -1432 + -211?
-1643
In base 6, what is -2133 + -431?
-3004
In base 4, what is -10223002 - 11?
-10223013
In base 16, what is -17 + -2cb?
-2e2
In base 12, what is 479 + -16?
463
In base 6, what is 4 - 41330?
-41322
In base 3, what is -212202 - -211120?
-1012
In base 15, what is 5d44cb - -5?
5d44d1
In base 6, what is -1 - 125003?
-125004
In base 12, what is -77 - -215b?
20a4
In base 14, what is -4 + 127c43?
127c3d
In base 15, what is -6c + 385?
318
In base 12, what is 391 - 1b2?
19b
In base 13, what is -b889c3 - 2?
-b889c5
In base 5, what is 400 + 142211?
143111
In base 8, what is -1 - -23720?
23717
In base 8, what is -12336 + -136?
-12474
In base 7, what is -116 - 1250056?
-1250205
In base 16, what is 117 + -2aa?
-193
In base 11, what is 242a9a + -4?
242a96
In base 2, what is 100001111010010011101 - 110?
100001111010